{"id":9,"date":"2018-01-05T19:01:15","date_gmt":"2018-01-05T18:01:15","guid":{"rendered":"http:\/\/asso-le-cameleon.org\/?page_id=9"},"modified":"2021-10-05T16:19:31","modified_gmt":"2021-10-05T14:19:31","slug":"contact","status":"publish","type":"page","link":"https:\/\/asso-le-cameleon.org\/index.php\/contact\/","title":{"rendered":""},"content":{"rendered":"<p><span style=\"font-family: Calibri, sans-serif;\"><span style=\"font-size: medium;\"><span style=\"color: #000000;\">Pour des raisons d&rsquo;<strong>organisation<\/strong>, nous vous demandons de passer pr\u00e9f\u00e9rentiellement par les<\/span><span style=\"color: #ff6600;\"><strong> courriels pour rentrer en contact<\/strong><\/span> <span style=\"color: #000000;\">avec nous.<\/span><\/span><\/span><\/p>\n<p><span style=\"font-family: Calibri, sans-serif;\"><span style=\"font-size: medium;\"><span style=\"color: #000000;\">Dans un second temps bien, nous ne pouvons faire l&rsquo;impasse d&rsquo;un<\/span><span style=\"color: #ff6600;\"><strong> temps d&rsquo;\u00e9change<\/strong><\/span>, <span style=\"color: #000000;\">au moins par <strong>t\u00e9l\u00e9phone<\/strong>, sinon <strong>en personne<\/strong>.<\/span><\/span><\/span><\/p>\n<p><span style=\"color: #000000;\">Nos locaux se situent au<\/span> :<strong><span style=\"font-family: Calibri, sans-serif; color: #99cc00;\"><span style=\"font-size: medium;\"> 16 rue Aim\u00e9e Berey, 38000 Grenoble<\/span><\/span><\/strong><\/p>\n<p style=\"padding-left: 120px;\"><strong><span style=\"font-family: Calibri, sans-serif; color: #99cc00;\"><span style=\"font-size: medium;\">\u00a0<\/span><\/span><\/strong><\/p>\n","protected":false},"excerpt":{"rendered":"<p>Pour des raisons d&rsquo;organisation, nous vous demandons de passer pr\u00e9f\u00e9rentiellement par les courriels pour rentrer en contact avec nous. Dans un second temps bien, nous ne pouvons faire l&rsquo;impasse d&rsquo;un temps d&rsquo;\u00e9change, au moins par t\u00e9l\u00e9phone, sinon en personne. Nos locaux se situent au : 16 rue Aim\u00e9e Berey, 38000 Grenoble \u00a0<\/p>\n","protected":false},"author":1,"featured_media":4,"parent":0,"menu_order":0,"comment_status":"closed","ping_status":"closed","template":"","meta":{"footnotes":""},"class_list":["post-9","page","type-page","status-publish","has-post-thumbnail","hentry"],"_links":{"self":[{"href":"https:\/\/asso-le-cameleon.org\/index.php\/wp-json\/wp\/v2\/pages\/9","targetHints":{"allow":["GET"]}}],"collection":[{"href":"https:\/\/asso-le-cameleon.org\/index.php\/wp-json\/wp\/v2\/pages"}],"about":[{"href":"https:\/\/asso-le-cameleon.org\/index.php\/wp-json\/wp\/v2\/types\/page"}],"author":[{"embeddable":true,"href":"https:\/\/asso-le-cameleon.org\/index.php\/wp-json\/wp\/v2\/users\/1"}],"replies":[{"embeddable":true,"href":"https:\/\/asso-le-cameleon.org\/index.php\/wp-json\/wp\/v2\/comments?post=9"}],"version-history":[{"count":11,"href":"https:\/\/asso-le-cameleon.org\/index.php\/wp-json\/wp\/v2\/pages\/9\/revisions"}],"predecessor-version":[{"id":435,"href":"https:\/\/asso-le-cameleon.org\/index.php\/wp-json\/wp\/v2\/pages\/9\/revisions\/435"}],"wp:featuredmedia":[{"embeddable":true,"href":"https:\/\/asso-le-cameleon.org\/index.php\/wp-json\/wp\/v2\/media\/4"}],"wp:attachment":[{"href":"https:\/\/asso-le-cameleon.org\/index.php\/wp-json\/wp\/v2\/media?parent=9"}],"curies":[{"name":"wp","href":"https:\/\/api.w.org\/{rel}","templated":true}]}}