{"id":455,"date":"2023-04-05T17:17:55","date_gmt":"2023-04-05T15:17:55","guid":{"rendered":"http:\/\/asso-le-cameleon.org\/?page_id=455"},"modified":"2023-11-02T17:07:21","modified_gmt":"2023-11-02T16:07:21","slug":"accueil-2","status":"publish","type":"page","link":"https:\/\/asso-le-cameleon.org\/","title":{"rendered":"ACCUEIL"},"content":{"rendered":"<h3><img loading=\"lazy\" decoding=\"async\" class=\"wp-image-456 aligncenter\" src=\"http:\/\/asso-le-cameleon.org\/wp-content\/uploads\/2023\/04\/image-rapport-acti-22.png\" alt=\"\" width=\"399\" height=\"568\" srcset=\"https:\/\/asso-le-cameleon.org\/wp-content\/uploads\/2023\/04\/image-rapport-acti-22.png 648w, https:\/\/asso-le-cameleon.org\/wp-content\/uploads\/2023\/04\/image-rapport-acti-22-211x300.png 211w\" sizes=\"auto, (max-width: 399px) 100vw, 399px\" \/><\/h3>\n<h3><\/h3>\n<h3><\/h3>\n<h5>RETROUVEZ NOTRE DERNIER RAPPORT D\u2019ACTIVIT\u00c9S <a href=\"https:\/\/drive.google.com\/file\/d\/1ipRJ1z3wb6OMUGVGLI3LEH0dZrY_02Bn\/view?usp=sharing\">ICI<\/a>!<\/h5>\n<h3><img loading=\"lazy\" decoding=\"async\" class=\"alignnone size-large wp-image-457\" src=\"http:\/\/asso-le-cameleon.org\/wp-content\/uploads\/2023\/04\/capture-son-epp-1024x308.png\" alt=\"\" width=\"1024\" height=\"308\" srcset=\"https:\/\/asso-le-cameleon.org\/wp-content\/uploads\/2023\/04\/capture-son-epp-1024x308.png 1024w, https:\/\/asso-le-cameleon.org\/wp-content\/uploads\/2023\/04\/capture-son-epp-300x90.png 300w, https:\/\/asso-le-cameleon.org\/wp-content\/uploads\/2023\/04\/capture-son-epp-768x231.png 768w, https:\/\/asso-le-cameleon.org\/wp-content\/uploads\/2023\/04\/capture-son-epp.png 1537w\" sizes=\"auto, (max-width: 1024px) 100vw, 1024px\" \/><\/h3>\n<h5>RETROUVEZ DANS LA SECTION <a href=\"https:\/\/asso-le-cameleon.org\/index.php\/blog\/\">RESSOURCE<\/a> UN PODCAST QUE NOUS AVONS R\u00c9ALISES AVEC DES PARTENAIRES AUTOUR DE DIFF\u00c9RENTES ACTIONS DE SANT\u00c9 MENTALE AVEC DES JEUNES.<\/h5>\n","protected":false},"excerpt":{"rendered":"<p>RETROUVEZ NOTRE DERNIER RAPPORT D\u2019ACTIVIT\u00c9S ICI! RETROUVEZ DANS LA SECTION RESSOURCE UN PODCAST QUE NOUS AVONS R\u00c9ALISES AVEC DES PARTENAIRES AUTOUR DE DIFF\u00c9RENTES ACTIONS DE SANT\u00c9 MENTALE AVEC DES JEUNES.<\/p>\n","protected":false},"author":1,"featured_media":0,"parent":0,"menu_order":0,"comment_status":"closed","ping_status":"closed","template":"","meta":{"footnotes":""},"class_list":["post-455","page","type-page","status-publish","hentry"],"_links":{"self":[{"href":"https:\/\/asso-le-cameleon.org\/index.php\/wp-json\/wp\/v2\/pages\/455","targetHints":{"allow":["GET"]}}],"collection":[{"href":"https:\/\/asso-le-cameleon.org\/index.php\/wp-json\/wp\/v2\/pages"}],"about":[{"href":"https:\/\/asso-le-cameleon.org\/index.php\/wp-json\/wp\/v2\/types\/page"}],"author":[{"embeddable":true,"href":"https:\/\/asso-le-cameleon.org\/index.php\/wp-json\/wp\/v2\/users\/1"}],"replies":[{"embeddable":true,"href":"https:\/\/asso-le-cameleon.org\/index.php\/wp-json\/wp\/v2\/comments?post=455"}],"version-history":[{"count":10,"href":"https:\/\/asso-le-cameleon.org\/index.php\/wp-json\/wp\/v2\/pages\/455\/revisions"}],"predecessor-version":[{"id":500,"href":"https:\/\/asso-le-cameleon.org\/index.php\/wp-json\/wp\/v2\/pages\/455\/revisions\/500"}],"wp:attachment":[{"href":"https:\/\/asso-le-cameleon.org\/index.php\/wp-json\/wp\/v2\/media?parent=455"}],"curies":[{"name":"wp","href":"https:\/\/api.w.org\/{rel}","templated":true}]}}